of 7597428?
True
Is 721616247 a multiple of 3373?
True
Does 720 divide 71665920?
True
Does 270 divide 640007?
False
Does 135 divide 91168295?
False
Is 4464330 a multiple of 5?
True
Is 100 a factor of 392563540?
False
Is 16 a factor of 531936440?
False
Is 2818088 a multiple of 316?
True
Is 87326824 a multiple of 8?
True
Is 22097664 a multiple of 72?
True
Is 566011239 a multiple of 5?
False
Is 352686261 a multiple of 1563?
True
Does 17 divide 9012711?
False
Does 1599 divide 184838004?
True
Is 1248 a factor of 41530205?
False
Is 6127 a factor of 2385872181?
True
Does 13 divide 707365765?
False
Does 28 divide 32980192?
True
Is 6 a factor of 19539102?
True
Does 499 divide 20041899?
False
Does 5413 divide 989620899?
True
Does 28 divide 506852642?
False
Does 27 divide 1043065844?
False
Does 826 divide 728854573?
False
Does 7 divide 236864619?
False
Is 633 a factor of 21394134?
True
Is 124264565 a multiple of 4874?
False
Is 6366 a factor of 2073858186?
True
Does 352 divide 27031456?
False
Does 19 divide 90565796?
False
Is 42 a factor of 7136976?
True
Is 1316518884 a multiple of 6?
True
Is 220098337 a multiple of 27?
False
Does 65 divide 51087399?
False
Does 306 divide 6578604036?
True
Is 52267619 a multiple of 5066?
False
Is 380516010 a multiple of 1085?
True
Is 264 a factor of 546899?
False
Is 61 a factor of 6859694?
True
Is 759222778 a multiple of 3153?
False
Is 276 a factor of 119754897?
False
Is 117002563 a multiple of 2617?
False
Is 372 a factor of 1496361?
False
Is 402510955 a multiple of 3115?
True
Is 22 a factor of 248399093?
False
Does 12 divide 12884088?
True
Is 321 a factor of 232521807?
True
Is 168 a factor of 3239179895?
False
Is 1411054378 a multiple of 9?
False
Does 24 divide 641184504?
True
Is 10291009 a multiple of 2?
False
Does 163 divide 18625912?
False
Is 2411 a factor of 2323966461?
False
Is 226129801 a multiple of 123?
False
Is 1011714793 a multiple of 24?
False
Does 1095 divide 26170550?
False
Is 20 a factor of 77634068?
False
Is 30 a factor of 122716799?
False
Is 3624 a factor of 1692524607?
False
Is 4212464 a multiple of 578?
True
Does 304 divide 161942450?
False
Does 13 divide 100264476?
True
Does 12890 divide 4935200618?
False
Does 81 divide 537556905?
True
Is 46455696 a multiple of 612?
True
Is 47 a factor of 3853664825?
False
Is 1003597057 a multiple of 17?
True
Is 1514 a factor of 201789871?
False
Is 394 a factor of 24868159?
False
Is 592 a factor of 111273504?
True
Is 2262200864 a multiple of 6248?
True
Does 1332 divide 24831144?
True
Does 35 divide 5152244?
False
Is 142422654 a multiple of 2365?
False
Is 2972 a factor of 894844252?
False
Is 31803063 a multiple of 628?
False
Is 257 a factor of 126834126?
True
Does 42 divide 1603621488?
True
Is 605 a factor of 149370812?
False
Is 304667166 a multiple of 18?
False
Is 3891960552 a multiple of 886?
True
Does 2430 divide 645038943?
False
Does 399 divide 3618230553?
True
Is 2 a factor of 14820118?
True
Is 326254428 a multiple of 2093?
False
Is 99 a factor of 2321649?
True
Is 668662469 a multiple of 145?
False
Is 118128235 a multiple of 37?
True
Is 14881811 a multiple of 52?
False
Does 17 divide 653645308?
True
Is 7121 a factor of 770029335?
True
Is 1346842256 a multiple of 1710?
False
Is 2319144066 a multiple of 8?
False
Is 5686094 a multiple of 109?
True
Is 1185317945 a multiple of 10?
False
Is 70756889 a multiple of 66?
False
Does 19 divide 1907969598?
False
Is 2439502967 a multiple of 2844?
False
Does 2 divide 3262224?
True
Is 161220123 a multiple of 4?
False
Does 85 divide 575057640?
True
Does 16 divide 16240464?
True
Does 21 divide 92435105?
False
Is 13003317 a multiple of 2683?
False
Does 3853 divide 455617250?
True
Is 202999644 a multiple of 5637?
True
Is 270 a factor of 308877840?
True
Is 539272813 a multiple of 1296?
False
Is 1051 a factor of 305137881?
True
Does 222 divide 188440704?
True
Is 24145248 a multiple of 12?
True
Does 567 divide 54723621?
False
Is 597996193 a multiple of 593?
False
Is 37400979 a multiple of 451?
True
Does 8 divide 160524525?
False
Does 15 divide 5905479?
False
Does 17 divide 94756?
False
Is 829329905 a multiple of 3467?
False
Is 89200462 a multiple of 34?
True
Is 12606156 a multiple of 159?
True
Is 403579435 a multiple of 2131?
True
Does 11 divide 2846942215?
False
Is 14494800 a multiple of 120?
True
Is 84 a factor of 7768553?
False
Is 22 a factor of 42148714?
False
Is 467 a factor of 760000937?
True
Does 47 divide 54671484?
False
Is 1082712099 a multiple of 36?
False
Is 34 a factor of 1495865616?
False
Is 70699083 a multiple of 2323?
False
Is 42758175 a multiple of 15?
True
Does 7899 divide 1148759469?
True
Is 50230260 a multiple of 3006?
True
Is 275744410 a multiple of 10?
True
Does 174 divide 826291299?
False
Is 16 a factor of 22897440?
True
Is 3609 a factor of 123247350?
True
Does 4 divide 298673503?
False
Is 1915884 a multiple of 228?
True
Is 203089000 a multiple of 250?
True
Is 26335865 a multiple of 2?
False
Does 1454 divide 1320875640?
False
Does 14 divide 45529288?
True
Is 915249760 a multiple of 9?
False
Is 182 a factor of 25206847?
False
Does 1046 divide 233646052?
False
Does 172 divide 155673932?
True
Does 829 divide 45050118?
False
Does 4247 divide 865644775?
True
Is 888 a factor of 78001920?
True
Is 3784 a factor of 1368396372?
False
Does 243 divide 470657909?
False
Is 29366165 a multiple of 70?
False
Is 51 a factor of 4336456?
False
Is 10 a factor of 8726893?
False
Is 19644714 a multiple of 67?
False
Is 249474744 a multiple of 776?
False
Does 259 divide 286980467?
False
Does 1367 divide 44576503?
True
Does 4 divide 111167944?
True
Is 222 a factor of 92379084?
True
Does 202 divide 138447568?
True
Is 115 a factor of 4389665?
True
Does 82 divide 709300?
True
Is 52 a factor of 314544412?
True
Does 7 divide 3272164?
True
Is 21 a factor of 2895281634?
True
Is 101821104 a multiple of 756?
True
Is 867 a factor of 26329120?
False
Does 11 divide 48179914?
False
Is 74 a factor of 91902672?
True
Does 22 divide 363349206?
True
Does 9530 divide 1047790472?
False
Is 23 a factor of 2320309?
True
Is 851805861 a multiple of 199?
False
Is 124 a factor of 1544827960?
True
Is 600 a factor of 38947800?
True
Is 1141998950 a multiple of 173?
True
Is 116730200 a multiple of 398?
False
Is 1705 a factor of 23251085?
True
Does 5705 divide 1940475880?
True
Does 5 divide 36908168?
False
Is 9839186 a multiple of 1286?
True
Is 351743761 a multiple of 413?
False
Is 328 a factor of 16750304?
True
Is 255204 a multiple of 18?
True
Is 1048716908 a multiple of 6620?
False
Is 9357 a factor of 3307652715?
True
Does 33 divide 9790465?
False
Is 11425780 a multiple of 166?
True
Does 384 divide 354084745?
False
Does 72 divide 108739131?
False
Is 102 a factor of 539480040?
True
Does 3267 divide 415108287?
True
Is 387261368 a multiple of 59?
True
Does 13 divide 11334817?
True
Is 336 a factor of 198654941?
False
Is 76416480 a multiple of 2166?
True
Does 2 divide 58251527?
False
Is 20884625 a multiple of 187?
False
Does 60 divide 231428940?
True
Is 4490 a factor of 1578439855?
False
Is 101802316 a multiple of 13?
False
Does 4774 divide 3222994236?
True
Is 46798425 a multiple of 20?
False
Is 219 a factor of 496914470?
False
Is 541561620 a multiple of 20?
True
Is 134 a factor of 92323667?
False
Does 539 divide 310684080?
False
Does 2718 divide 42235002?
True
Is 2615 a factor of 238514138?
False
Does 3071 divide 140550669?
False
Is 159365400 a multiple of 755?
True
Is 3518150732 a multiple of 38?
True
Is 114262085 a multiple of 5?
True
Is 17256279 a multiple of 69?
True
Is 100 a factor of 47865148?
False
Is 572425823 a multiple of 11?
False
Is 4030859692 a multiple of 62?
True
Is 67907646 a multiple of 162?
True
Is 3426 a factor of 27808842?
True
Is 308 a factor of 197586620?
True
Is 7233150 a multiple of 75?
True
Is 282519085 a multiple of 77?
False
Is 4 a factor of 44692828?
True
Does 16 divide 502057915?
False
Does 3 divide 482516408?
False
Is 41 a factor of 346022944?
True
Is 29 a factor of 3468622?
False
Does 831 divide 12427605?
True
Is 126889896 a multiple of 298?
False
Is 667388065 a multiple of 22?
False
Is 29 a factor of 28759010?
True
Is 75 a factor of 25983786?
False
Is 6420 a factor of 1047113264?
False
Is 501550390 a multiple of 298?
True
Is 89587687 a mult